{"id":10,"date":"2020-09-26T11:09:03","date_gmt":"2020-09-26T11:09:03","guid":{"rendered":"http:\/\/rcprovn.com\/?post_type=product&#038;p=10"},"modified":"2021-06-24T17:25:20","modified_gmt":"2021-06-24T17:25:20","slug":"protos-380-evo-red-kit-no-blade-msh41513","status":"publish","type":"product","link":"https:\/\/rcprovn.com\/?product=protos-380-evo-red-kit-no-blade-msh41513","title":{"rendered":"Protos 380 EVO RED YELLOW V2 KH\u00d4NG K\u00c8M C\u00c1NH"},"content":{"rendered":"<p>Protos 380 mang DNA thi\u1ebft k\u1ebf Mini Protos huy\u1ec1n tho\u1ea1i \u0111\u1ec3 ti\u1ebfn t\u1edbi c\u00e1c c\u1ea5p \u0111\u1ed9 m\u1edbi \u0111\u00e1ng kinh ng\u1ea1c v\u1ec1 hi\u1ec7u su\u1ea5t bay, \u0111\u1ed9 b\u1ec1n v\u00e0 c\u00f4ng ngh\u1ec7. MSH \u0111\u00e3 t\u1eadn d\u1ee5ng h\u01a1n m\u1ed9t th\u1eadp k\u1ef7 kinh nghi\u1ec7m thi\u1ebft k\u1ebf khung m\u00e1y bay v\u00e0 ph\u1ea3n h\u1ed3i c\u1ee7a kh\u00e1ch h\u00e0ng \u0111\u1ec3 t\u1ea1o ra th\u1ee9 g\u00ec \u0111\u00f3 th\u1ef1c s\u1ef1 tuy\u1ec7t v\u1eddi. \u0110\u01b0\u1ee3c thi\u1ebft k\u1ebf t\u1eeb \u0111\u1ea7u \u0111\u1ec3 ph\u00e1 v\u1ee1 c\u00e1c r\u00e0o c\u1ea3n v\u1ec1 hi\u1ec7u su\u1ea5t v\u00e0 mang l\u1ea1i tr\u1ea3i nghi\u1ec7m m\u1edbi ch\u01b0a t\u1eebng th\u1ea5y tr\u00ean m\u00e1y bay tr\u1ef1c th\u0103ng c\u1ee1 n\u00e0y.<\/p>\n<p>Protos 380 \u0111\u01b0\u1ee3c thi\u1ebft k\u1ebf v\u1edbi tr\u1ecdng l\u01b0\u1ee3ng nh\u1eb9, \u0111\u1ed3ng th\u1eddi cung c\u1ea5p m\u1ed9t khung m\u00e1y bay c\u1ef1c k\u1ef3 m\u1ea1nh m\u1ebd v\u00e0 ch\u1eafc ch\u1eafn c\u00f3 th\u1ec3 th\u1ef1c hi\u1ec7n c\u00e1c chuy\u1ebfn bay l\u1ea1m d\u1ee5ng sau chuy\u1ebfn bay. Thi\u1ebft k\u1ebf c\u00f3 s\u1ed1 l\u01b0\u1ee3ng b\u1ed9 ph\u1eadn r\u1ea5t th\u1ea5p v\u00e0 vi\u1ec7c s\u1eeda ch\u1eefa c\u1ef1c k\u1ef3 nhanh ch\u00f3ng gi\u00fap b\u1ea1n lu\u00f4n trong t\u00ecnh tr\u1ea1ng tho\u1ea3i m\u00e1i. Vi\u1ec7c s\u1eed d\u1ee5ng c\u00e1c v\u1eadt li\u1ec7u h\u1ed7n h\u1ee3p bao g\u1ed3m s\u1ee3i carbon, nh\u00f4m, nh\u1ef1a composite nh\u1eb1m t\u1ed1i \u01b0u h\u00f3a m\u1ecdi kh\u00eda c\u1ea1nh c\u1ee7a thi\u1ebft k\u1ebf.<\/p>\n<p>T\u01b0\u01a1ng lai c\u1ee7a m\u00e1y bay tr\u1ef1c th\u0103ng 380mm \u0111\u00e3 \u0111\u1ebfn, v\u00e0 c\u00f9ng v\u1edbi n\u00f3 l\u00e0 m\u1ed9t huy\u1ec1n tho\u1ea1i m\u1edbi ra \u0111\u1eddi.<\/p>\n<p>Evoluzione Boom and Canopy<\/p>\n<p>MSH Evoluzione n\u00e2ng th\u1ea9m m\u1ef9 thi\u1ebft k\u1ebf l\u00ean m\u1ed9t t\u1ea7m cao m\u1edbi. C\u1ea7n c\u00f3 100% s\u1ee3i carbon kh\u00f4ng ch\u1ec9 \u0111\u1eb9p m\u00e0 c\u00f2n c\u1ef1c k\u1ef3 c\u1ee9ng. C\u1ea7n Evoluzione t\u1ed1i \u0111a h\u00f3a hi\u1ec7u su\u1ea5t c\u1ee7a \u0111u\u00f4i b\u1eb1ng c\u00e1ch gi\u1eef \u1edf tr\u1ea1ng th\u00e1i r\u1ea5t th\u1ea5p khi bay ngang. T\u00e1n Evoluzione \u0111\u01b0\u1ee3c s\u1eafp x\u1ebfp h\u1ee3p l\u00fd v\u00e0 n\u1ed1i li\u1ec1n kh\u1ed1i v\u1edbi c\u1ea7n n\u00e2ng \u0111\u1ec3 n\u00e2ng cao t\u00ednh kh\u00ed \u0111\u1ed9ng h\u1ecdc c\u1ee7a m\u1eabu xe.<\/p>\n<p>Truy\u1ec1n \u0111\u1ed9ng v\u00e0nh \u0111ai \u0111\u00f4i<\/p>\n<p>Protos 380 th\u1ef1c hi\u1ec7n b\u1ed9 truy\u1ec1n \u0111ai \u0111\u00f4i m\u1ea1nh m\u1ebd, v\u1edbi b\u1ed9 c\u0103ng \u0111ai \u0111u\u00f4i t\u1ef1 \u0111\u1ed9ng. \u0110i\u1ec1u n\u00e0y chuy\u1ec3n th\u00e0nh h\u00e0ng ngh\u00ecn chuy\u1ebfn bay kh\u00f4ng c\u1ea7n b\u1ea3o d\u01b0\u1ee1ng v\u00e0 truy\u1ec1n \u00e2m th\u1ea7m l\u1eb7ng. V\u1edbi vi\u1ec7c kh\u00f4ng c\u00f3 l\u01b0\u1edbi b\u00e1nh r\u0103ng, Protos 380 c\u00f3 th\u1ec3 x\u1eed l\u00fd c\u00f4ng su\u1ea5t l\u1edbn, \u0111\u1ed3ng th\u1eddi cung c\u1ea5p n\u00f3 m\u00e0 kh\u00f4ng c\u00f3 ti\u1ebfng \u1ed3n truy\u1ec1n d\u1eabn. C\u1ee5m \u1ed5 tr\u1ee5c m\u1ed9t chi\u1ec1u ch\u1eafc ch\u1eafn n\u1eb1m trong c\u1ee5m r\u00f2ng r\u1ecdc ch\u00ednh. Thi\u1ebft l\u1eadp k\u00e9o th\u1ea5p cho ph\u00e9p hi\u1ec7u su\u1ea5t t\u1ef1 \u0111\u1ed9ng thay \u0111\u1ed5i tuy\u1ec7t v\u1eddi trong m\u1ed9t g\u00f3i nh\u1ecf.<\/p>\n","protected":false},"excerpt":{"rendered":"<p>Protos 380 mang DNA thi\u1ebft k\u1ebf Mini Protos huy\u1ec1n tho\u1ea1i \u0111\u1ec3 ti\u1ebfn t\u1edbi c\u00e1c c\u1ea5p \u0111\u1ed9 m\u1edbi \u0111\u00e1ng kinh ng\u1ea1c v\u1ec1 hi\u1ec7u su\u1ea5t bay, \u0111\u1ed9 b\u1ec1n v\u00e0 c\u00f4ng ngh\u1ec7. MSH \u0111\u00e3 t\u1eadn d\u1ee5ng h\u01a1n m\u1ed9t th\u1eadp k\u1ef7 kinh nghi\u1ec7m thi\u1ebft k\u1ebf khung m\u00e1y bay v\u00e0 ph\u1ea3n h\u1ed3i c\u1ee7a kh\u00e1ch h\u00e0ng \u0111\u1ec3 t\u1ea1o ra th\u1ee9 g\u00ec [&hellip;]<\/p>\n","protected":false},"featured_media":11,"comment_status":"closed","ping_status":"closed","template":"","meta":[],"_links":{"self":[{"href":"https:\/\/rcprovn.com\/index.php?rest_route=\/wp\/v2\/product\/10"}],"collection":[{"href":"https:\/\/rcprovn.com\/index.php?rest_route=\/wp\/v2\/product"}],"about":[{"href":"https:\/\/rcprovn.com\/index.php?rest_route=\/wp\/v2\/types\/product"}],"replies":[{"embeddable":true,"href":"https:\/\/rcprovn.com\/index.php?rest_route=%2Fwp%2Fv2%2Fcomments&post=10"}],"wp:featuredmedia":[{"embeddable":true,"href":"https:\/\/rcprovn.com\/index.php?rest_route=\/wp\/v2\/media\/11"}],"wp:attachment":[{"href":"https:\/\/rcprovn.com\/index.php?rest_route=%2Fwp%2Fv2%2Fmedia&parent=10"}],"curies":[{"name":"wp","href":"https:\/\/api.w.org\/{rel}","templated":true}]}}