{"id":292,"date":"2021-06-24T17:28:14","date_gmt":"2021-06-24T17:28:14","guid":{"rendered":"https:\/\/rcprovn.com\/?post_type=product&#038;p=292"},"modified":"2025-08-12T13:42:44","modified_gmt":"2025-08-12T13:42:44","slug":"gdw-ds590mg-hv-mini-servo","status":"publish","type":"product","link":"https:\/\/rcprovn.com\/?product=gdw-ds590mg-hv-mini-servo","title":{"rendered":"GDW &#8211; DS590MG &#8211; HV- Mini Servo"},"content":{"rendered":"<div class=\"FFpbKc\"><\/div>\n<h2 id=\"c20\" class=\"oBOnKe\"><span class=\"JLqJ4b ChMk0b\" style=\"font-size: 16px;\" data-language-for-alternatives=\"vi\" data-language-to-translate-into=\"en\" data-phrase-index=\"0\">GDW &#8211; DS590MG &#8211; HV Swashplate Servo<\/span> <span class=\"JLqJ4b ChMk0b\" style=\"font-size: 16px;\" data-language-for-alternatives=\"vi\" data-language-to-translate-into=\"en\" data-phrase-index=\"2\">Midi-Size Servo cho tr\u1ef1c th\u0103ng 500\/550\/600 swashplate v\u00e0 m\u00e1y bay lo\u1ea1i 3D k\u00edch th\u01b0\u1edbc 50-70 v\u00e0 th\u1ee7y phi c\u01a1.<\/span><\/h2>\n<div class=\"dePhmb\">\n<div class=\"eyKpYb\" data-language=\"vi\" data-original-language=\"en\" data-result-index=\"0\">\n<div class=\"J0lOec\"><span class=\"VIiyi\" lang=\"vi\"><span class=\"JLqJ4b ChMk0b\" data-language-for-alternatives=\"vi\" data-language-to-translate-into=\"en\" data-phrase-index=\"4\">GDW DS590MG (K\u1ef9 thu\u1eadt s\u1ed1)<\/span> <\/span><\/div>\n<div class=\"J0lOec\"><span class=\"VIiyi\" lang=\"vi\"><span class=\"JLqJ4b ChMk0b\" data-language-for-alternatives=\"vi\" data-language-to-translate-into=\"en\" data-phrase-index=\"6\">T\u1ea7n su\u1ea5t l\u00e0m vi\u1ec7c: 1520us \/ 333Hz<\/span> <\/span><\/div>\n<div class=\"J0lOec\"><span class=\"VIiyi\" lang=\"vi\"><span class=\"JLqJ4b ChMk0b\" data-language-for-alternatives=\"vi\" data-language-to-translate-into=\"en\" data-phrase-index=\"8\">\u0110i\u1ec7n \u00e1p ho\u1ea1t \u0111\u1ed9ng: D C 4.8V-8.4V<\/span> <\/span><\/div>\n<div class=\"J0lOec\"><span class=\"VIiyi\" lang=\"vi\"><span class=\"JLqJ4b ChMk0b\" data-language-for-alternatives=\"vi\" data-language-to-translate-into=\"en\" data-phrase-index=\"10\">T\u1ed1c \u0111\u1ed9 v\u00e0 m\u00f4-men xo\u1eafn:<\/span> <span class=\"JLqJ4b ChMk0b\" data-language-for-alternatives=\"vi\" data-language-to-translate-into=\"en\" data-phrase-index=\"12\">9.0Kg.cm\/0.09sec.\/60osystem@6.0V<\/span> <span class=\"JLqJ4b ChMk0b\" data-language-for-alternatives=\"vi\" data-language-to-translate-into=\"en\" data-phrase-index=\"14\">11Kg.cm\/0.08sec.\/60osystem@7.4V<\/span> <span class=\"JLqJ4b ChMk0b\" data-language-for-alternatives=\"vi\" data-language-to-translate-into=\"en\" data-phrase-index=\"16\">12Kg.cm\/0.07sec.\/60osystem@8.4V<\/span> <\/span><\/div>\n<div class=\"J0lOec\"><span class=\"VIiyi\" lang=\"vi\"><span class=\"JLqJ4b ChMk0b\" data-language-for-alternatives=\"vi\" data-language-to-translate-into=\"en\" data-phrase-index=\"18\">K\u00edch th\u01b0\u1edbc: 15x36x31,5mm<\/span> <\/span><\/div>\n<div class=\"J0lOec\"><span class=\"VIiyi\" lang=\"vi\"><span class=\"JLqJ4b ChMk0b\" data-language-for-alternatives=\"vi\" data-language-to-translate-into=\"en\" data-phrase-index=\"20\">Tr\u1ecdng l\u01b0\u1ee3ng: 45g<\/span> <span class=\"JLqJ4b ChMk0b\" data-language-for-alternatives=\"vi\" data-language-to-translate-into=\"en\" data-phrase-index=\"22\">\u0110\u1ed9ng c\u01a1: Coreless<\/span> <\/span><\/div>\n<div class=\"J0lOec\"><span class=\"VIiyi\" lang=\"vi\"><span class=\"JLqJ4b ChMk0b\" data-language-for-alternatives=\"vi\" data-language-to-translate-into=\"en\" data-phrase-index=\"24\">Tr\u01b0\u1eddng h\u1ee3p: nh\u00f4m \u0111\u1ea7y \u0111\u1ee7<\/span> <\/span><\/div>\n<div class=\"J0lOec\"><span class=\"VIiyi\" lang=\"vi\"><span class=\"JLqJ4b ChMk0b\" data-language-for-alternatives=\"vi\" data-language-to-translate-into=\"en\" data-phrase-index=\"26\">B\u00e1nh r\u0103ng: \u0111\u1ea7y \u0111\u1ee7 kim lo\u1ea1i &#8211; th\u00e9p<\/span> <span class=\"JLqJ4b ChMk0b\" data-language-for-alternatives=\"vi\" data-language-to-translate-into=\"en\" data-phrase-index=\"28\">Lo\u1ea1i s\u1eebng: 25T &#8211; 5,9mm<\/span><\/span><\/div>\n<\/div>\n<\/div>\n","protected":false},"excerpt":{"rendered":"<p>GDW &#8211; DS590MG &#8211; HV Swashplate Servo Midi-Size Servo cho tr\u1ef1c th\u0103ng 500\/550\/600 swashplate v\u00e0 m\u00e1y bay lo\u1ea1i 3D k\u00edch th\u01b0\u1edbc 50-70 v\u00e0 th\u1ee7y phi c\u01a1. GDW DS590MG (K\u1ef9 thu\u1eadt s\u1ed1) T\u1ea7n su\u1ea5t l\u00e0m vi\u1ec7c: 1520us \/ 333Hz \u0110i\u1ec7n \u00e1p ho\u1ea1t \u0111\u1ed9ng: D C 4.8V-8.4V T\u1ed1c \u0111\u1ed9 v\u00e0 m\u00f4-men xo\u1eafn: 9.0Kg.cm\/0.09sec.\/60osystem@6.0V 11Kg.cm\/0.08sec.\/60osystem@7.4V 12Kg.cm\/0.07sec.\/60osystem@8.4V K\u00edch th\u01b0\u1edbc: [&hellip;]<\/p>\n","protected":false},"featured_media":293,"comment_status":"open","ping_status":"closed","template":"","meta":[],"_links":{"self":[{"href":"https:\/\/rcprovn.com\/index.php?rest_route=\/wp\/v2\/product\/292"}],"collection":[{"href":"https:\/\/rcprovn.com\/index.php?rest_route=\/wp\/v2\/product"}],"about":[{"href":"https:\/\/rcprovn.com\/index.php?rest_route=\/wp\/v2\/types\/product"}],"replies":[{"embeddable":true,"href":"https:\/\/rcprovn.com\/index.php?rest_route=%2Fwp%2Fv2%2Fcomments&post=292"}],"wp:featuredmedia":[{"embeddable":true,"href":"https:\/\/rcprovn.com\/index.php?rest_route=\/wp\/v2\/media\/293"}],"wp:attachment":[{"href":"https:\/\/rcprovn.com\/index.php?rest_route=%2Fwp%2Fv2%2Fmedia&parent=292"}],"curies":[{"name":"wp","href":"https:\/\/api.w.org\/{rel}","templated":true}]}}