{"id":373,"date":"2024-09-17T08:03:27","date_gmt":"2024-09-17T08:03:27","guid":{"rendered":"https:\/\/rcprovn.com\/?post_type=product&#038;p=373"},"modified":"2025-06-13T08:13:54","modified_gmt":"2025-06-13T08:13:54","slug":"goosky-legend-s2-helicopter-standard-kit-bnf","status":"publish","type":"product","link":"https:\/\/rcprovn.com\/?product=goosky-legend-s2-helicopter-standard-kit-bnf","title":{"rendered":"Goosky S2 Max Helicopter (BNF) \u2013 Orange, Blue, Purple"},"content":{"rendered":"<p>Phi\u00ean b\u1ea3n BNF gi\u00e1 8.590k\u00a0G\u1ed3m:<\/p>\n<ul>\n<li data-start=\"61\" data-end=\"83\">\n<p data-start=\"63\" data-end=\"83\">1 chi\u1ebfc tr\u1ef1c th\u0103ng<\/p>\n<\/li>\n<li data-start=\"84\" data-end=\"101\">\n<p data-start=\"86\" data-end=\"101\">1 h\u1ed9p x\u1ed1p EPP<\/p>\n<\/li>\n<li data-start=\"102\" data-end=\"111\">\n<p data-start=\"104\" data-end=\"111\">1 pin<\/p>\n<\/li>\n<li data-start=\"112\" data-end=\"138\">\n<p data-start=\"114\" data-end=\"138\">m\u1ed9t s\u1ed1 \u1ed1c v\u00edt d\u1ef1 ph\u00f2ng<\/p>\n<\/li>\n<li data-start=\"139\" data-end=\"159\">\n<p data-start=\"141\" data-end=\"159\">3 c\u00e1nh tay servo<\/p>\n<\/li>\n<li data-start=\"160\" data-end=\"191\">\n<p data-start=\"162\" data-end=\"191\">1 tr\u1ee5c ch\u00ednh &amp; 1 tr\u1ee5c ngang<\/p>\n<\/li>\n<li data-start=\"192\" data-end=\"215\" data-is-last-node=\"\">\n<p style=\"text-align: left;\" data-start=\"194\" data-end=\"215\" data-is-last-node=\"\">1 b\u1ed9 m\u00f4-\u0111un Bluetooth<\/p>\n<\/li>\n<\/ul>\n<p style=\"text-align: left;\" data-start=\"194\" data-end=\"215\" data-is-last-node=\"\">Phi\u00ean b\u1ea3n RTF Gi\u00e1 9.890k G\u1ed3m:<\/p>\n<ul>\n<li data-start=\"43\" data-end=\"65\">\n<p data-start=\"45\" data-end=\"65\">1 chi\u1ebfc tr\u1ef1c th\u0103ng<\/p>\n<\/li>\n<li data-start=\"66\" data-end=\"111\">\n<p data-start=\"68\" data-end=\"111\">1 b\u1ed9 \u0111i\u1ec1u khi\u1ec3n &amp; 1 pin cho b\u1ed9 \u0111i\u1ec1u khi\u1ec3n<\/p>\n<\/li>\n<li data-start=\"112\" data-end=\"129\">\n<p data-start=\"114\" data-end=\"129\">1 h\u1ed9p x\u1ed1p EPP<\/p>\n<\/li>\n<li data-start=\"130\" data-end=\"144\">\n<p data-start=\"132\" data-end=\"144\"><strong>2 vi\u00ean pin<\/strong><\/p>\n<\/li>\n<li data-start=\"145\" data-end=\"171\">\n<p data-start=\"147\" data-end=\"171\">m\u1ed9t s\u1ed1 \u1ed1c v\u00edt d\u1ef1 ph\u00f2ng<\/p>\n<\/li>\n<li data-start=\"172\" data-end=\"192\">\n<p data-start=\"174\" data-end=\"192\">3 c\u00e1nh tay servo<\/p>\n<\/li>\n<li data-start=\"193\" data-end=\"224\">\n<p data-start=\"195\" data-end=\"224\">1 tr\u1ee5c ch\u00ednh &amp; 1 tr\u1ee5c ngang<\/p>\n<\/li>\n<li data-start=\"225\" data-end=\"248\" data-is-last-node=\"\">\n<p data-start=\"227\" data-end=\"248\" data-is-last-node=\"\">1 b\u1ed9 m\u00f4-\u0111un Bluetooth<\/p>\n<\/li>\n<\/ul>\n<p><img loading=\"lazy\" class=\"alignnone size-medium wp-image-554\" src=\"https:\/\/rcprovn.com\/wp-content\/uploads\/2024\/09\/2-6.jpg\" alt=\"\" width=\"1080\" height=\"901\" srcset=\"https:\/\/rcprovn.com\/wp-content\/uploads\/2024\/09\/2-6.jpg 1080w, https:\/\/rcprovn.com\/wp-content\/uploads\/2024\/09\/2-6-768x641.jpg 768w, https:\/\/rcprovn.com\/wp-content\/uploads\/2024\/09\/2-6-600x501.jpg 600w\" sizes=\"(max-width: 1080px) 100vw, 1080px\" \/> <img loading=\"lazy\" class=\"alignnone size-medium wp-image-555\" src=\"https:\/\/rcprovn.com\/wp-content\/uploads\/2024\/09\/3-6.jpg\" alt=\"\" width=\"750\" height=\"1556\" srcset=\"https:\/\/rcprovn.com\/wp-content\/uploads\/2024\/09\/3-6.jpg 750w, https:\/\/rcprovn.com\/wp-content\/uploads\/2024\/09\/3-6-740x1536.jpg 740w, https:\/\/rcprovn.com\/wp-content\/uploads\/2024\/09\/3-6-600x1245.jpg 600w\" sizes=\"(max-width: 750px) 100vw, 750px\" \/> <img loading=\"lazy\" class=\"alignnone size-medium wp-image-556\" src=\"https:\/\/rcprovn.com\/wp-content\/uploads\/2024\/09\/4-4.jpg\" alt=\"\" width=\"750\" height=\"1563\" srcset=\"https:\/\/rcprovn.com\/wp-content\/uploads\/2024\/09\/4-4.jpg 750w, https:\/\/rcprovn.com\/wp-content\/uploads\/2024\/09\/4-4-737x1536.jpg 737w, https:\/\/rcprovn.com\/wp-content\/uploads\/2024\/09\/4-4-600x1250.jpg 600w\" sizes=\"(max-width: 750px) 100vw, 750px\" \/> <img loading=\"lazy\" class=\"alignnone size-medium wp-image-557\" src=\"https:\/\/rcprovn.com\/wp-content\/uploads\/2024\/09\/5-4.jpg\" alt=\"\" width=\"750\" height=\"2512\" srcset=\"https:\/\/rcprovn.com\/wp-content\/uploads\/2024\/09\/5-4.jpg 750w, https:\/\/rcprovn.com\/wp-content\/uploads\/2024\/09\/5-4-459x1536.jpg 459w, https:\/\/rcprovn.com\/wp-content\/uploads\/2024\/09\/5-4-600x2010.jpg 600w\" sizes=\"(max-width: 750px) 100vw, 750px\" \/> <img loading=\"lazy\" class=\"alignnone size-medium wp-image-558\" src=\"https:\/\/rcprovn.com\/wp-content\/uploads\/2024\/09\/6-3-scaled.jpg\" alt=\"\" width=\"468\" height=\"2560\" srcset=\"https:\/\/rcprovn.com\/wp-content\/uploads\/2024\/09\/6-3-scaled.jpg 468w, https:\/\/rcprovn.com\/wp-content\/uploads\/2024\/09\/6-3-281x1536.jpg 281w\" sizes=\"(max-width: 468px) 100vw, 468px\" \/> <img loading=\"lazy\" class=\"alignnone size-medium wp-image-559\" src=\"https:\/\/rcprovn.com\/wp-content\/uploads\/2024\/09\/7-4.jpg\" alt=\"\" width=\"750\" height=\"1345\" srcset=\"https:\/\/rcprovn.com\/wp-content\/uploads\/2024\/09\/7-4.jpg 750w, https:\/\/rcprovn.com\/wp-content\/uploads\/2024\/09\/7-4-600x1076.jpg 600w\" sizes=\"(max-width: 750px) 100vw, 750px\" \/> <img loading=\"lazy\" class=\"alignnone size-medium wp-image-560\" src=\"https:\/\/rcprovn.com\/wp-content\/uploads\/2024\/09\/8-3-scaled.jpg\" alt=\"\" width=\"718\" height=\"2560\" srcset=\"https:\/\/rcprovn.com\/wp-content\/uploads\/2024\/09\/8-3-scaled.jpg 718w, https:\/\/rcprovn.com\/wp-content\/uploads\/2024\/09\/8-3-431x1536.jpg 431w, https:\/\/rcprovn.com\/wp-content\/uploads\/2024\/09\/8-3-574x2048.jpg 574w, https:\/\/rcprovn.com\/wp-content\/uploads\/2024\/09\/8-3-600x2140.jpg 600w\" sizes=\"(max-width: 718px) 100vw, 718px\" \/> <img loading=\"lazy\" class=\"alignnone size-medium wp-image-561\" src=\"https:\/\/rcprovn.com\/wp-content\/uploads\/2024\/09\/anh-bia.jpg\" alt=\"\" width=\"435\" height=\"445\" \/><\/p>\n","protected":false},"excerpt":{"rendered":"<p>Phi\u00ean b\u1ea3n BNF gi\u00e1 8.590k\u00a0G\u1ed3m: 1 chi\u1ebfc tr\u1ef1c th\u0103ng 1 h\u1ed9p x\u1ed1p EPP 1 pin m\u1ed9t s\u1ed1 \u1ed1c v\u00edt d\u1ef1 ph\u00f2ng 3 c\u00e1nh tay servo 1 tr\u1ee5c ch\u00ednh &amp; 1 tr\u1ee5c ngang 1 b\u1ed9 m\u00f4-\u0111un Bluetooth Phi\u00ean b\u1ea3n RTF Gi\u00e1 9.890k G\u1ed3m: 1 chi\u1ebfc tr\u1ef1c th\u0103ng 1 b\u1ed9 \u0111i\u1ec1u khi\u1ec3n &amp; 1 pin cho b\u1ed9 [&hellip;]<\/p>\n","protected":false},"featured_media":563,"comment_status":"open","ping_status":"closed","template":"","meta":[],"_links":{"self":[{"href":"https:\/\/rcprovn.com\/index.php?rest_route=\/wp\/v2\/product\/373"}],"collection":[{"href":"https:\/\/rcprovn.com\/index.php?rest_route=\/wp\/v2\/product"}],"about":[{"href":"https:\/\/rcprovn.com\/index.php?rest_route=\/wp\/v2\/types\/product"}],"replies":[{"embeddable":true,"href":"https:\/\/rcprovn.com\/index.php?rest_route=%2Fwp%2Fv2%2Fcomments&post=373"}],"wp:featuredmedia":[{"embeddable":true,"href":"https:\/\/rcprovn.com\/index.php?rest_route=\/wp\/v2\/media\/563"}],"wp:attachment":[{"href":"https:\/\/rcprovn.com\/index.php?rest_route=%2Fwp%2Fv2%2Fmedia&parent=373"}],"curies":[{"name":"wp","href":"https:\/\/api.w.org\/{rel}","templated":true}]}}